{"id":511,"date":"2017-11-13T20:31:40","date_gmt":"2017-11-13T20:31:40","guid":{"rendered":"https:\/\/www.durabilitymonitoring.org\/?page_id=511"},"modified":"2024-06-14T19:08:47","modified_gmt":"2024-06-14T19:08:47","slug":"outils","status":"publish","type":"page","link":"https:\/\/www.durabilitymonitoring.org\/?page_id=511","title":{"rendered":"Outils"},"content":{"rendered":"<h1>Kit de la PMI pour la surveillance de la durabilit\u00e9 des moustiquaires impr\u00e9gn\u00e9es d&#8217;insecticide \u00e0 longue dur\u00e9e d&#8217;action (MILD)<\/h1>\n<p>Ce kit se compose de deux parties. La partie\u00a01 comprend des supports et outils concernant la conception et la mise en \u0153uvre de l\u2019\u00e9tude, ainsi que le recueil des donn\u00e9es, jusqu\u2019\u00e0 l\u2019\u00e9tape de la saisie des donn\u00e9es. Quant \u00e0 la partie\u00a02, elle comprend des supports et outils pour le nettoyage, la pr\u00e9paration, l\u2019analyse et l\u2019interpr\u00e9tation des donn\u00e9es, y compris le reporting.<\/p>\n<p>Kit complet : \u00a0le fichier est trop grand \u00e0 mettre (89MB)<\/p>\n<h2><strong>Partie une : Introduction et le recueil des donn\u00e9es<\/strong><\/h2>\n<p><em>Mises a jour:<\/em><\/p>\n<ul>\n<li><em>13 novembre 2017 &#8211; ajout des canevas du rapport et graphiques 12\/24 mois (7b-c); manuel d&#8217;activit\u00e9 (1f); 3b.x<\/em><\/li>\n<li><em>30 octobre 2017 &#8211; mise a jour des guidelines (1b) et protocol (2b) pour inclure les bio-essais au baseline.3 novembre 2016 &#8211; ajout des canevas des rapports (6a-b), instructions pour la collecte des donnees sur tablette (2j)<\/em><\/li>\n<li><em>24 octobre 2016 &#8211; mise a jour du fichier 1a (contenu), ajout de questionnaire pour les MILD selectionn&#8217;ees pour les bio-essais.<\/em><\/li>\n<li><em>25 aout 2016 &#8211; ajout des questionnaires 12\/24 mois et 36 mois<\/em><\/li>\n<li><em>2 mai\u00a02016 &#8211; mise a jour de la liste des MILD avec une recommendation WHOPES dans le fichier 3b.i.<\/em><\/li>\n<\/ul>\n<p>1.\u00a0 Introduction et m\u00e9thodes<\/p>\n<ul>\n<li><a href=\"https:\/\/www.durabilitymonitoring.org\/wp-content\/uploads\/2016\/04\/1a.-PMI-Durability-Monitoring-Package-Contents_FRENCH-2017-11-13.docx\">1a. Contenu du kit 2017-11-13<\/a><\/li>\n<li><a href=\"https:\/\/www.durabilitymonitoring.org\/wp-content\/uploads\/2016\/04\/1b.-LLIN-durability-monitoring-guidelines_FRENCH-2017-10-26.docx\">1b. Directives de la PMI pour la surveillance de la durabilit\u00e9<\/a><\/li>\n<li><a href=\"https:\/\/www.durabilitymonitoring.org\/wp-content\/uploads\/2016\/04\/1c.-DM-Background-and-FAQ_FRENCH-WITH-IMAGES.docx\">1c. La surveillance des MILD : mise en oeuvre et r\u00e9ponse au diverses questions<\/a><\/li>\n<li><a href=\"https:\/\/www.durabilitymonitoring.org\/wp-content\/uploads\/2016\/04\/1d.-Budget-Notes_FRENCH.docx\">1d. Les notes budg\u00e9taires <\/a><\/li>\n<li><a href=\"https:\/\/www.durabilitymonitoring.org\/wp-content\/uploads\/2016\/04\/1d.-Budget-Templates_FRENCH.xlsx\">1d. Les gabarits budg\u00e9taires <\/a><\/li>\n<li><a href=\"https:\/\/www.durabilitymonitoring.org\/wp-content\/uploads\/2016\/04\/1e.-DM-Timeline_FRENCH.xls\">1e. Chronologie de surveillance de la durabilit\u00e9<\/a><\/li>\n<li><a href=\"https:\/\/www.durabilitymonitoring.org\/wp-content\/uploads\/2016\/04\/1f.-Manuel-d-activite-DM-2017-11-13.docx\">1f. Manuel d&#8217;activit\u00e9 DM 2017-11-13<\/a><\/li>\n<li><a href=\"https:\/\/www.durabilitymonitoring.org\/wp-content\/uploads\/2019\/09\/DM-design-and-sampling-FR-07-30-2019.pptx\">1g. Pr\u00e9sentation sur la conception de l&#8217;\u00e9tude, la taille de l&#8217;\u00e9chantillon et l&#8217;\u00e9chantillonnage en grappes<\/a><\/li>\n<\/ul>\n<p>2a-d.\u00a0 Instruments et recueil des donn\u00e9e<\/p>\n<ul>\n<li>2a-d.\u00a0 Instruments et recueil des donn\u00e9es<\/li>\n<li>2a. <a href=\"https:\/\/www.durabilitymonitoring.org\/wp-content\/uploads\/2022\/03\/2a.-Template-Durability-Monitoring-Protocol-revised-Feb-2022-Fr-with-comment.docx\">Protocole de recherche pour le suivi de la durabilit\u00e9<\/a><\/li>\n<li>2b. Enqu\u00eate : questionnaire initial (<a href=\"https:\/\/www.durabilitymonitoring.org\/wp-content\/uploads\/2015\/03\/DM-questionnaire-baseline-FRENCH-2016-8-24.docx\">baseline<\/a>)<\/li>\n<li>2b. Enqu\u00eate : questionnaire mi-term (<a href=\"https:\/\/www.durabilitymonitoring.org\/wp-content\/uploads\/2015\/03\/DM-questionnaire-m12_24-FRENCH-2016_8-24.docx\">12 et 24 mois<\/a>)<\/li>\n<li>2b.\u00a0Enqu\u00eate : questionnaire finale (<a href=\"https:\/\/www.durabilitymonitoring.org\/wp-content\/uploads\/2015\/03\/DM-questionnaire-m36-FRENCH-2016-8-24.docx\">36 mois<\/a>)<\/li>\n<li>2b. Enqu\u00eate : questionnaire <a href=\"https:\/\/www.durabilitymonitoring.org\/wp-content\/uploads\/2016\/04\/2b.-DM-questionnaire-bioassay-m12_24-2016-10-17-FRENCH.docx\">bio-essais<\/a> (12 et 24 mois)<\/li>\n<li><a href=\"https:\/\/www.durabilitymonitoring.org\/wp-content\/uploads\/2016\/04\/2c.-Sample-Oral-Consent-Script-for-Participants_FRENCH.docx\">2c.i Exemple de script pour l&#8217;obtention du consentement verbal des participants<\/a><\/li>\n<li><a href=\"https:\/\/www.durabilitymonitoring.org\/wp-content\/uploads\/2016\/04\/2c.ii-Sample-Oral-Consent-Script-for-Bioassay-Net-HH-FRENCH.docx\">2c.<\/a><a href=\"https:\/\/www.durabilitymonitoring.org\/wp-content\/uploads\/2016\/04\/2c.ii-Sample-Oral-Consent-Script-for-Bioassay-Net-HH-FRENCH.docx\">ii. Exemple de script pour l\u2019obtention du consentement verbal dans les m\u00e9nages o\u00f9 les MILD sont s\u00e9lectionn\u00e9es pour les bio essais<\/a><\/li>\n<li><a href=\"https:\/\/www.durabilitymonitoring.org\/wp-content\/uploads\/2016\/04\/2d.-Sample-Recruitment-Script-for-Local-Authorities-and-Chiefs_FRENCH.docx\">2d. Exemple de script pour l&#8217;implication des autorit\u00e9s locales et des chefs<\/a><\/li>\n<\/ul>\n<p>2e-g. Outils de selection des m\u00e9nages<\/p>\n<ul>\n<li><a href=\"https:\/\/www.durabilitymonitoring.org\/wp-content\/uploads\/2016\/04\/2f.i.-Household-Sampling-Instructions_FRENCH.docx\">2e.i. Instructions pour l&#8217;\u00e9chantillonnage des m\u00e9nages<\/a><\/li>\n<li><a href=\"https:\/\/www.durabilitymonitoring.org\/wp-content\/uploads\/2016\/04\/2f.ii-Random-Number-List-for-Selecting-Sections-within-Clusters_FRENCH.docx\">2e.ii Liste de num\u00e9ros al\u00e9atoires pour la s\u00e9lection des sections au sein des grappes<\/a><\/li>\n<li><a href=\"https:\/\/www.durabilitymonitoring.org\/wp-content\/uploads\/2016\/04\/2f.iii_.Random-Number-List-for-Household-Selection-15x10_FRENCH.docx\">2e.iii.Liste de num\u00e9ros al\u00e9atoires pour la s\u00e9lection des m\u00e9nages<\/a><\/li>\n<li><a href=\"https:\/\/www.durabilitymonitoring.org\/wp-content\/uploads\/2016\/04\/2f.iv_.-Form-Household-Listing-and-Selection_FRENCH.docx\">2e.iv. Formulaire &#8211; liste et s\u00e9lection des m\u00e9nages<\/a><\/li>\n<li><a href=\"https:\/\/www.durabilitymonitoring.org\/wp-content\/uploads\/2016\/04\/2f.v.-Example-final-sampled-settlements_FRENCH.xlsx\">2e.v. Exemple de liste d\u00e9finitive des grappes \u00e9chantillonn\u00e9es<\/a><\/li>\n<li><a href=\"https:\/\/www.durabilitymonitoring.org\/wp-content\/uploads\/2016\/04\/2g.-Sample-DM-Supervisor-Cluster-Monitoring-Sheet_FRENCH.doc\">2f. Exemple de fiche de suivi des grappes pour le chef de groupe<\/a><\/li>\n<li><a href=\"https:\/\/www.durabilitymonitoring.org\/wp-content\/uploads\/2016\/04\/2h.-DM-Sample-Size-Calculator_FRENCH.xlsm\">2g. Outil de calcul de la taille des \u00e9chantillons pour la surveillance de la durabilit\u00e9<\/a><\/li>\n<\/ul>\n<p>2h. Echantillonnage de groupe<\/p>\n<ul>\n<li><a href=\"https:\/\/www.durabilitymonitoring.org\/wp-content\/uploads\/2023\/07\/2.i.i.-outil-dechantillonage-du-groupe-pps.xlsx\">2.h.i Outil d&#8217;\u00e9chantillonnage du groupe PPS<\/a><\/li>\n<li><a href=\"https:\/\/www.durabilitymonitoring.org\/wp-content\/uploads\/2023\/07\/2.i.ii-Exemple_-Outil-dechantillonage-de-group-pps-rempli.xlsx\">2.h.ii Exemple de l&#8217;outil d&#8217;\u00e9chantillonnage du groupe PPS rempli<\/a><\/li>\n<li><a href=\"https:\/\/www.durabilitymonitoring.org\/wp-content\/uploads\/2023\/07\/2.i.iii_.-Donnees-du-cadre-echantillonnage.xlsx\">2.h.iii Donn\u00e9es du cadre d&#8217;\u00e9chantillonnage<\/a><\/li>\n<\/ul>\n<p>2j. Collecte des donnees sur tablette<\/p>\n<ul>\n<li>2i.i Introduction \u00e0 ODK pour le monitoring de la durabilit\u00e9: <a href=\"https:\/\/www.durabilitymonitoring.org\/wp-content\/uploads\/2023\/07\/DMqes_bl_burkinafaso.xls\">baseline<\/a>, <a href=\"https:\/\/www.durabilitymonitoring.org\/wp-content\/uploads\/2023\/07\/DMqes_m12_burkinafaso.xls\">12 mois<\/a>, <a href=\"https:\/\/www.durabilitymonitoring.org\/wp-content\/uploads\/2023\/07\/DMqes_m24_burkinafaso.xlsx\">24 mois<\/a>, <a href=\"https:\/\/www.durabilitymonitoring.org\/wp-content\/uploads\/2023\/07\/DMqes_m36_burkinafaso.xlsx\">36 mois<\/a><\/li>\n<li>2i.ii <a href=\"https:\/\/www.durabilitymonitoring.org\/wp-content\/uploads\/2023\/07\/DMqes_bl_burkinafaso.xls\">Baseline<\/a>, <a href=\"https:\/\/www.durabilitymonitoring.org\/wp-content\/uploads\/2023\/07\/DMqes_m12_burkinafaso.xls\">12 mois<\/a>, <a href=\"https:\/\/www.durabilitymonitoring.org\/wp-content\/uploads\/2023\/07\/DMqes_m24_burkinafaso.xlsx\">24 mois<\/a>, et <a href=\"https:\/\/www.durabilitymonitoring.org\/wp-content\/uploads\/2023\/07\/DMqes_m36_burkinafaso.xlsx\">36 mois<\/a><\/li>\n<\/ul>\n<p>3a. Supports de formation pour les \u00e9quipes de terrain<\/p>\n<ul>\n<li><a href=\"https:\/\/www.durabilitymonitoring.org\/wp-content\/uploads\/2016\/04\/3a.-Sample-Training-Workshop-Agenda_FRENCH.doc\">3.a.i. Exemple de programme des ateliers de formation<\/a><\/li>\n<li><a href=\"https:\/\/www.durabilitymonitoring.org\/wp-content\/uploads\/2023\/07\/3a.ii_.-Exemple-de-registre-de-formation.docx\">3.a.ii Exemple de registre de formation<\/a><\/li>\n<\/ul>\n<p>3b. Pr\u00e9sentations powerpoint et supports de formation<\/p>\n<ul>\n<li><a href=\"https:\/\/www.durabilitymonitoring.org\/wp-content\/uploads\/2016\/04\/3b.i.-Background-on-Durability-Monitoring_FRENCH.pptx\">3b.i. Contexte de la surveillance de la durabilit\u00e9<\/a><\/li>\n<li><a href=\"https:\/\/www.durabilitymonitoring.org\/wp-content\/uploads\/2016\/04\/3b.ii_.-Monitoring-Design_FRENCH.pptx\">3b.ii. Conception de la surveillance<\/a><\/li>\n<li><a href=\"https:\/\/www.durabilitymonitoring.org\/wp-content\/uploads\/2016\/04\/3b.iii_.-Household-Selection-for-Baseline_FRENCH.pptx\">3b.iii. S\u00e9lection des m\u00e9nages pour le d\u00e9but de l&#8217;\u00e9tude<\/a><a href=\"https:\/\/www.durabilitymonitoring.org\/wp-content\/uploads\/2016\/04\/3b.ii_.-Monitoring-Design_FRENCH.pptx\">\u00a0<\/a><\/li>\n<li><a href=\"https:\/\/www.durabilitymonitoring.org\/wp-content\/uploads\/2016\/04\/3b.iv_.-Overview-of-Questionnaire_FRENCH.pptx\">3b.iv. Pr\u00e9sentation g\u00e9n\u00e9rale du questionnaire<\/a><a href=\"https:\/\/www.durabilitymonitoring.org\/wp-content\/uploads\/2016\/04\/3b.ii_.-Monitoring-Design_FRENCH.pptx\">\u00a0<\/a><\/li>\n<li><a href=\"https:\/\/www.durabilitymonitoring.org\/wp-content\/uploads\/2016\/04\/3b.v.-LLIN-Hole-Assessment-Facilitators-Guide_FRENCH.docx\">3b.v.Formation \u00e0 l&#8217;\u00e9valuation des trous dans les MILD &#8211; guide de l&#8217;animateur<\/a><a href=\"https:\/\/www.durabilitymonitoring.org\/wp-content\/uploads\/2016\/04\/3b.ii_.-Monitoring-Design_FRENCH.pptx\">\u00a0<\/a><\/li>\n<li><a href=\"https:\/\/www.durabilitymonitoring.org\/wp-content\/uploads\/2016\/04\/3b.vi_.-LLIN-Hole-Assessment-Slides_FRENCH.pptx\">3b.vi. Evaluation des trous dans les MILD &#8211; diapositives<\/a><\/li>\n<li><a href=\"https:\/\/www.durabilitymonitoring.org\/wp-content\/uploads\/2016\/04\/3b.vii_.-Test-Hole-Counting-Exercise_FRENCH.xlsx\">3b.vii. Exercice : compter les trous<\/a><\/li>\n<li><a href=\"https:\/\/www.durabilitymonitoring.org\/wp-content\/uploads\/2016\/04\/3b.viii_.-Guidelines-for-Conducting-Interviews_FRENCH.docx\">3b.viii. Directives pour les entretiens (document Word)<\/a><\/li>\n<li><a href=\"https:\/\/www.durabilitymonitoring.org\/wp-content\/uploads\/2016\/04\/3b.ix_.-Roles-and-Responsibilities_FRENCH.pptx\">3b.ix. R\u00f4les et responsabilit\u00e9s<\/a><\/li>\n<li><a href=\"https:\/\/www.durabilitymonitoring.org\/wp-content\/uploads\/2016\/04\/3b.x.-Retrouver-des-menages-GPS-2017-11-13.pptx\">3b.x. Retrouver des menages GPS 2017-11-13<\/a><\/li>\n<\/ul>\n<p>3c. Supports visuels<\/p>\n<ul>\n<li><a href=\"https:\/\/www.durabilitymonitoring.org\/wp-content\/uploads\/2016\/04\/3c.-Two-page-Field-Tool-for-Tallying-and-Hole-Size_FRENCH.docx\">3c. Outil de terrain de 2 pages pour compter et mesurer les trous<\/a><\/li>\n<li><a href=\"https:\/\/www.durabilitymonitoring.org\/wp-content\/uploads\/2016\/04\/3c.ii-Visual-Aid-for-LLIN-Brands-and-Tags_FRENCH.docx\">3c.ii Fiche support visuel : la strat\u00e9gie de marque de MILD et \u00e9tiquettes<\/a><\/li>\n<li><a href=\"https:\/\/www.durabilitymonitoring.org\/wp-content\/uploads\/2016\/04\/3c.iii-Visual-Aid-for-Types-of-Holes-FRENCH.pdf\">3c.iii. Fiche support visuel : types de trous<\/a><\/li>\n<\/ul>\n<p>3d. Quiz final et selection des \u00e9quipes de terrain<\/p>\n<ul>\n<li><a href=\"https:\/\/www.durabilitymonitoring.org\/wp-content\/uploads\/2016\/04\/3d.i-Post-Test_FRENCH.docx\">3d.i Quiz final<\/a><\/li>\n<li><a href=\"https:\/\/www.durabilitymonitoring.org\/wp-content\/uploads\/2016\/04\/3d.ii-Post-Test-Answer-Key_FRENCH.docx\">3d.ii Quiz final : r\u00e9ponses<\/a><\/li>\n<\/ul>\n<p>4. Materiaux de Terrain<\/p>\n<ul>\n<li>4a.\u00a0<a href=\"https:\/\/www.durabilitymonitoring.org\/wp-content\/uploads\/2022\/09\/4a.-Net-ID-Barcodes.zip\">Codes \u00e0 barre d\u2019identification des MILD pour faciliter le transfert d\u2019ID au baseline dans les tablettes<\/a><\/li>\n<li>4b.\u00a0<a href=\"https:\/\/www.durabilitymonitoring.org\/wp-content\/uploads\/2016\/04\/4b.-List-of-DM-Materials-for-Training-and-Fieldwork-FRENCH.xlsx\">Liste de materiaux pour la formation et travail sur le terrain<\/a><\/li>\n<li>4C. Le suivi du travail de terrain : Les outils pour faciliter le suivi des donn\u00e9es lors du travail de terrain\n<ul>\n<li><a href=\"https:\/\/www.durabilitymonitoring.org\/wp-content\/uploads\/2023\/07\/4.c.i-tableau-de-bord-pour-le-suivi-de-base-de-terrai-de-travail.xlsx\">i. Tableau de bord pour le suivi des travaux de terrain (cycle de base)<\/a><\/li>\n<li><a href=\"https:\/\/www.durabilitymonitoring.org\/wp-content\/uploads\/2023\/07\/4.c.ii-tableau-de-bord-pour-le-suivi-de-terrain-de-travail.xlsx\">ii. Tableau de bord pour le suivi des travaux de terrain (les cycles suivants)<\/a><\/li>\n<\/ul>\n<\/li>\n<\/ul>\n<h2><strong>Partie 2 : analyse et reporting des donn\u00e9es<\/strong><\/h2>\n<ul>\n<li>5. R\u00e9daction de rapport Baseline\n<ul>\n<li>6a.\u00a0<a href=\"https:\/\/www.durabilitymonitoring.org\/wp-content\/uploads\/2016\/04\/6a.-DM-baseline-data-dictionaries-FRENCH.docx\">Dictionnaire de donn\u00e9es baseline<\/a><\/li>\n<li>6b.\u00a0<a href=\"https:\/\/www.durabilitymonitoring.org\/wp-content\/uploads\/2016\/04\/6b.-DM-baseline-report-template-FRENCH.docx\">Mod\u00e8le de rapport de baseline avec exemples de tableaux<\/a><\/li>\n<li>6c.\u00a0<a href=\"https:\/\/www.durabilitymonitoring.org\/wp-content\/uploads\/2016\/04\/6c.-DM-baseline-report-figures-template-FRENCH.xlsx\">Canevas de graphiques baseline<\/a><\/li>\n<\/ul>\n<\/li>\n<li>6. R\u00e9daction de rapport 12\/24 mois\n<ul>\n<li><a href=\"https:\/\/www.durabilitymonitoring.org\/wp-content\/uploads\/2016\/04\/7b.-DM-m12_24-rapport-2017_04_24.docx\">7b. Mod\u00e8le de rapport de 12\/24 mois avec exemples de tableaux 2017-11-13<\/a><\/li>\n<li><a href=\"https:\/\/www.durabilitymonitoring.org\/wp-content\/uploads\/2016\/04\/7c.-DM-m12_24-canevas-graphiques.xlsx\">7c. Canevas de graphiques 12\/24 mois 2017-11-13<\/a><\/li>\n<li><a href=\"https:\/\/www.durabilitymonitoring.org\/wp-content\/uploads\/2015\/03\/7d.-Tool-survival-graph-and-median-for-multiple-sites-or-brands.xlsm\">7d. Outil pour calculer et faire des graphiques de la survie des MILD m\u00e9diane pour des sites ou marques multiples<\/a><\/li>\n<li><a href=\"https:\/\/www.durabilitymonitoring.org\/wp-content\/uploads\/2023\/06\/7e.-DM_households_and_nets_followup_graphs_template-FR.pptx\">7e. Mod\u00e8le des graphiques du suivi des m\u00e9nages et MII<\/a><\/li>\n<\/ul>\n<\/li>\n<li>7. R\u00e9daction de rapport 36 mois\n<ul>\n<li><a href=\"https:\/\/www.durabilitymonitoring.org\/wp-content\/uploads\/2023\/07\/8a.-Report-final-et-tableaux-modeles.docx\">Mod\u00e8le de rapport de 36 mois avec exemples de tableaux<\/a><\/li>\n<\/ul>\n<\/li>\n<li>8. Envoi et utilisation des donn\u00e9es\n<ul>\n<li>Inclus dans le manuel de mise en \u0153uvre, section 9.5<\/li>\n<\/ul>\n<\/li>\n<li>9. Interpr\u00e9tation des r\u00e9sultats\n<ul>\n<li><a href=\"https:\/\/www.durabilitymonitoring.org\/wp-content\/uploads\/2017\/11\/10a.-Interpreter-les-donnees-DM-pour-l-action-programmatique-2017-11-13.docx\">9a. Interpreter les donn\u00e9es DM pour l&#8217;action programmatique 2017-11-13<\/a><\/li>\n<\/ul>\n<\/li>\n<li><a href=\"https:\/\/www.durabilitymonitoring.org\/wp-content\/uploads\/2017\/11\/11.-Plan-de-transition-au-nouveau-partenaire-technique-2017-11-15.docx\">10. Plan de transition au nouveau partenaire technique 2017-11-15<\/a><\/li>\n<\/ul>\n","protected":false},"excerpt":{"rendered":"<p>Kit de la PMI pour la surveillance de la durabilit\u00e9 des moustiquaires impr\u00e9gn\u00e9es d&#8217;insecticide \u00e0 longue dur\u00e9e d&#8217;action (MILD) Ce kit se compose de deux parties. La partie\u00a01 comprend des supports et outils concernant la conception et la mise en \u0153uvre de l\u2019\u00e9tude, ainsi que le recueil des donn\u00e9es, jusqu\u2019\u00e0 l\u2019\u00e9tape de la saisie des donn\u00e9es. Quant \u00e0 la partie\u00a02, elle comprend des supports et&#8230;<\/p>\n","protected":false},"author":7,"featured_media":0,"parent":0,"menu_order":0,"comment_status":"closed","ping_status":"closed","template":"","meta":{"_exactmetrics_skip_tracking":false,"_exactmetrics_sitenote_active":false,"_exactmetrics_sitenote_note":"","_exactmetrics_sitenote_category":0,"footnotes":""},"class_list":["post-511","page","type-page","status-publish","hentry"],"_links":{"self":[{"href":"https:\/\/www.durabilitymonitoring.org\/index.php?rest_route=\/wp\/v2\/pages\/511","targetHints":{"allow":["GET"]}}],"collection":[{"href":"https:\/\/www.durabilitymonitoring.org\/index.php?rest_route=\/wp\/v2\/pages"}],"about":[{"href":"https:\/\/www.durabilitymonitoring.org\/index.php?rest_route=\/wp\/v2\/types\/page"}],"author":[{"embeddable":true,"href":"https:\/\/www.durabilitymonitoring.org\/index.php?rest_route=\/wp\/v2\/users\/7"}],"replies":[{"embeddable":true,"href":"https:\/\/www.durabilitymonitoring.org\/index.php?rest_route=%2Fwp%2Fv2%2Fcomments&post=511"}],"version-history":[{"count":0,"href":"https:\/\/www.durabilitymonitoring.org\/index.php?rest_route=\/wp\/v2\/pages\/511\/revisions"}],"wp:attachment":[{"href":"https:\/\/www.durabilitymonitoring.org\/index.php?rest_route=%2Fwp%2Fv2%2Fmedia&parent=511"}],"curies":[{"name":"wp","href":"https:\/\/api.w.org\/{rel}","templated":true}]}}